7. Suppose 29*d + 1764 = y*d. What is the remainder when d is divided by 33?
31
Let d(t) = -6*t**2 - 8*t + 8. Let a be d(2). What is the remainder when 481 is divided by (-91)/(-4) + (-8)/a?
21
Let d be 4/4 + 0 - -1 - -32. Let b(p) = -4*p + 231. What is the remainder when b(d) is divided by 38?
19
Let c = -50 - -183. Let w be 90 + 0 + (-2 - 1). Let r = w - 53. What is the remainder when c is divided by r?
31
Let o = 24 + -9. Suppose -h = 76 - 710. Suppose 9*f - 302 - h = 0. What is the remainder when f is divided by o?
14
Let x = -1044 - -1096. What is the remainder when 1088 is divided by x?
48
Suppose 0 = -33*t - 37*t + 12040. What is the remainder when 178 is divided by t?
6
Suppose 16*n - 32 = 14*n + 4*r, 3*n + r = 83. Calculate the remainder when 821 is divided by n.
15
Let j = -1414 + 1493. Suppose -787 = -o - o - k, -2*k + 786 = 2*o. What is the remainder when o is divided by j?
78
Suppose 0 = 26*h - 24*h - 42. Let c = -1133 - -1278. What is the remainder when c is divided by h?
19
Suppose 0 = 10*p + p - 66. Calculate the remainder when 19 is divided by (p + 22/(-4))*8.
3
Let d(z) = z**3 + 4*z**2 - 3*z + 7. Let o = 16694 + -16684. What is the remainder when d(5) is divided by o?
7
Let f = 727 + -652. Calculate the remainder when 139 is divided by f.
64
Suppose 217 = -4*f - w, -4*f + 3*w - 214 = w. Let g = f + 67. What is the remainder when (-33)/(-77) - (-344)/14 is divided by g?
12
What is the remainder when ((-504)/168)/(3/(-92) + 0) is divided by 17?
7
Suppose 0 = 91*q - 3319 + 316 - 5551. Calculate the remainder when 1529 is divided by q.
25
Let p(u) = -428*u**3 + 4*u**2 - 40*u - 43. What is the remainder when p(-1) is divided by 61?
2
Calculate the remainder when 1009 is divided by (-54368)/(-272) - 3/(51/(-2)).
9
Calculate the remainder when 713 is divided by (-2192)/(-685)*(2/8 - (-298)/8).
113
What is the remainder when (-730)/(-15)*1359/6 is divided by 45?
43
Suppose 0*o - 6*o = -90. Suppose 0 = 8*u - o*u + 854. What is the remainder when u is divided by 63?
59
Let h(x) = -x**2 - 16*x - 2. Suppose 0 = 2*v - 0*t + 5*t + 42, 45 = -3*v - 3*t. Calculate the remainder when h(v) is divided by 11.
9
Let f = -8136 - -8616. Calculate the remainder when f is divided by 97.
92
Suppose 5*q - 3327 = -h, 5*q + 3 = 6*q. What is the remainder when h is divided by 65?
62
Suppose 4*n = -96*n. Let p be (0 - 1)/(2/(-36)). Suppose p*w - 12*w - 42 = n. Calculate the remainder when w is divided by 2.
1
Let a be -286 + 1*(4 - 2). Let m = -170 - a. Let c = -57929 + 57958. Calculate the remainder when m is divided by c.
27
Suppose -2*q = v - 65, -3*v - 62 = 3*q - 167 + 12. Suppose 5*b - b - 59 = -n, 3*b - 23 = -5*n. Let x = b + -7. What is the remainder when q is divided by x?
7
Calculate the remainder when -12*1 - 49395/(-267) is divided by 77.
19
Let t = 960 - -843. Calculate the remainder when t is divided by 95.
93
Let x = -66 + 68. Let q(b) = 19*b**2 + 10*b - 4. Calculate the remainder when q(x) is divided by 34.
24
Suppose 5*b - 2316 = -7*b. Let g = b - 164. Calculate the remainder when g is divided by ((-2)/5)/((-1)/50).
9
Suppose 0 = -5*h + 6*h - 34. Suppose 3003 = -12*l - 4197. Calculate the remainder when h is divided by ((-24)/15 - -2)/((-12)/l).
14
Let k = 2534 - 1601. What is the remainder when k is divided by (52/3)/((-6)/(-18))?
49
Calculate the remainder when (-4)/(4/9) + (2877 - 136) is divided by 144.
140
Let f(a) = 396*a**2 + 147*a + 149. Calculate the remainder when f(-1) is divided by 145.
108
Suppose -20*s = 4*z - 26*s - 66, 72 = 5*z - 4*s. Calculate the remainder when 4386 is divided by z.
6
Suppose 0 = -3*u + 5*p + 296, 0 = -u - 3*p + 117 - 37. Let l(h) = 13*h**2 + 204*h - 44. Calculate the remainder when u is divided by l(-16).
12
Let s be ((-40)/(-3))/(18/270). Suppose 3*g - s = -7*g. Calculate the remainder when 258 is divided by g.
18
Let w = -52 - -78. Suppose 9*s - 5071 + 4936 = 0. Let d = w - s. Calculate the remainder when 107 is divided by d.
8
Suppose 4*t + 36 - 155 = 5*d, -14 = -t - 4*d. Suppose -t = -11*h + 568. Calculate the remainder when 107 is divided by h.
53
Let b = -307 + 320. Suppose b*d + 153 = 920. What is the remainder when 291 is divided by d?
55
Suppose 2835 = 5*s + 27*d - 30*d, -6*s + 3402 = 2*d. Calculate the remainder when s is divided by 176.
39
Let f = 199 - 219. Calculate the remainder when 127 is divided by (-8)/20 - (4 + 728/f).
31
Suppose -c - 3*c = -20. Suppose 14*d = 18*d - 152. Suppose -d = -7*t + 116. What is the remainder when t is divided by c?
2
Let y = -101 + 186. Let g be -7 + 1 + 71 - (5 - 0). Let q = y - g. Calculate the remainder when q is divided by 9.
7
Let q be (-3)/(-66)*9946 - (-35)/(-385). Suppose 0 = 4*z - 4*h - 147 - 213, -5*z = -3*h - q. Calculate the remainder when z is divided by 55.
36
Suppose 5*w = 5*v + 2285, 233*w - 4*v = 230*w + 1369. What is the remainder when w is divided by 11?
8
Suppose -16 + 6 = -r. Suppose 0 = -u - 7 + r. Suppose 0 = 14*h - 11*h - u. Calculate the remainder when 1 is divided by h.
0
Suppose 0 = -3*a + 7*a - 12. Let h be ((-1)/a)/((-17)/204). Suppose -h*b + 54 - 6 = 0. What is the remainder when 94 is divided by b?
10
Let o = -8736 - -8945. Calculate the remainder when 307 is divided by o.
98
Let w(c) = -16*c - 4. Let o be w(2). Let s be 508/24 - (-6)/o. Let y = s - -1. What is the remainder when 64 is divided by y?
20
Suppose -4*k + 5*d - 16 = 0, -3*k = -3*d - 0*d + 9. Let p(c) = 7*c - 4. What is the remainder when 33 is divided by p(k)?
0
Let h(q) = -q**3 - 9*q**2 + 15*q + 214. Calculate the remainder when h(-8) is divided by 8.
6
Suppose -u + 21 = -75*c + 80*c, 0 = 2*u - 2*c - 18. Calculate the remainder when 8535 is divided by u.
10
Suppose 0 = -3*o, 51*z - 54 = 48*z - 5*o. Suppose -39*j + 41*j - z = 0. Calculate the remainder when 10 is divided by j.
1
Suppose 0 = -5*m + f + 153, 5*m = -8*f + 5*f + 161. Calculate the remainder when -1*13*(5 - 24) is divided by m.
30
Let g = -6 + 150. Let l = 215 - g. Suppose 52 = -67*x + l*x. Calculate the remainder when 36 is divided by x.
10
Let f(c) = 5*c**2 + c - 3. Let n be f(-3). Suppose 3*o - n - 30 = 0. What is the remainder when o is divided by (0 - -3)/(-18) - (-3570)/252?
9
Let r(x) = 8*x**2 + 24*x**2 - 31 + 19*x - 16*x**2 - x**3. Let a be r(17). Suppose -a*f = -61 - 5. What is the remainder when f is divided by 8?
6
Suppose -14*n + 99 = -25*n. Suppose -3*c + 6*c - 90 = 0. Calculate the remainder when (4 - 7)*c/n is divided by 4.
2
Let n = -24 + 28. What is the remainder when 110 + 1*(5 - n) is divided by 19?
16
Suppose o = -o - 2. Let h be 77/(-21)*(o - 2). Calculate the remainder when 106 is divided by (h - 2)/(5/15*1).
25
Suppose 4*l + 16 = 4*z, 0 = z - l + 5*l + 1. Suppose -101 = -4*y - x, z*y - 93 = 6*x - x. What is the remainder when 154 is divided by y?
24
Let l = 22863 + -22619. What is the remainder when l is divided by 12?
4
Suppose 4*m + 3*x - 9 = 22, -x = -4*m + 11. Let u(z) = z - m - 6*z + z + 0. What is the remainder when 102 is divided by u(-8)?
18
Suppose 64*i = o + 62*i - 2445, -2*o + 4890 = -i. Calculate the remainder when o is divided by 48.
45
Let j(z) = -z**2 + 3*z + 146. What is the remainder when 294 is divided by j(-9)?
28
Let l = 3173 - 3160. Suppose -2*b - 13 = 39. Let q = 49 + b. What is the remainder when q is divided by l?
10
Let p = -66 + 173. Let b = p + -73. Suppose -b = -3*a - 22. Calculate the remainder when 5 is divided by a.
1
Let s(n) = -360*n - 1029. Calculate the remainder when s(-3) is divided by 19.
13
Let m(g) = -g**2 - 29*g + 12. Suppose -c = -2*o - 42, 2*o + 34 = -6*c + 3*c. What is the remainder when m(o) is divided by 49?
45
Let i(a) = -2*a**2 + 26*a + 36. Suppose 53 = -2*x + 6*x + 3*m, 0 = -5*m - 5. Calculate the remainder when 84 is divided by i(x).
4
Let o(x) = 4*x**2 + 2*x - 1. Let d be o(-6). Let f = 150 - d. What is the remainder when f is divided by 3?
1
Let n = -10 + 4. Suppose -r = 4*r - 970. What is the remainder when r is divided by 100/600 + (-293)/n + 0?
47
Let w(o) = o**3 + 23*o**2 - 25*o + 3. Suppose 5*i - t = 31, 2*t - 22 = -4*i - 0*t. Let p = 21 - i. Calculate the remainder when w(-24) is divided by p.
12
Suppose -11*n + 9*n = 4*x - 362, 4*x - 4*n - 356 = 0. What is the remainder when x is divided by 83?
7
Suppose 5*q - 5*z - 91 = 